
Let o(x) = 41*x**2 + 6*x - 12. Suppose 0 = 4*c - 22 - 14. Let u(i) = 81*i**2 + 12*i - 25. Let w(d) = c*o(d) - 4*u(d). What is the units digit of w(2)?
4
Suppose -5*b - 3*b = -4*b. Suppose b = -9*p - 177 - 183. What is the tens digit of (-6060)/p*8/6?
0
Let q(j) = 5*j + 9. Let v be q(-16). Let h(w) = -3*w**3 + 5*w**2 - 15*w + 14. Let a be h(9). What is the tens digit of v/(-568) - 2*a/16?
3
Suppose 0 = -4*w, 37656 = f + 3*f - 2*w. What is the units digit of f?
4
Let s = 87 - 91. Let c be s/(-2) - -3 - 5. Suppose c = 2*p - 6, -10*l + 7*l - 2*p + 561 = 0. What is the hundreds digit of l?
1
Let g = -377 - -1142. Suppose 16*x - g = 13*x. Suppose -3*v + x = 75. What is the tens digit of v?
6
Let r = 774 - 772. Suppose 0 = -2*d - r, -3*d + 2329 = 5*o - 918. What is the tens digit of o?
5
Suppose 111*o = -219*o + 3948780. What is the thousands digit of o?
1
Suppose -5*u - 18*q + 16*q + 17762 = 0, 0 = 2*u - 12*q - 7092. What is the tens digit of u?
5
Let m = -81 + 77. Let q be -4 + (-12)/m - (-1 + -395). Suppose 111 = 2*r - q. What is the tens digit of r?
5
Let d = -293 + 2721. What is the hundreds digit of d?
4
Let d be (-15)/2*520/(-50). Let f = d - 55. What is the units digit of f?
3
Let x = -166 - -172. Suppose -x*f + 4480 = 8*f. What is the hundreds digit of f?
3
Let b(d) = 477*d**2 - 4*d - 37. Let y be b(-5). Suppose -65*w + 78*w = y. What is the hundreds digit of w?
9
Let x(u) = 35*u**2 + u - 4. Let z be x(3). Let m = -97 + z. What is the units digit of (-6)/8 - -1 - m/(-28)?
8
Let j be ((-1)/10 + 6/10)*0. Let u be j/(-2) - (-6 - (-8 - -4)). Suppose u*t = 222 + 152. What is the tens digit of t?
8
Suppose 0 = f - 44 + 40. Suppose -4*l = -2*l + f*s - 1660, -2*s + 1660 = 2*l. What is the tens digit of l?
3
Suppose 23*a - 460123 = 4*a - 45182. What is the thousands digit of a?
1
Let z = -1081 + -1565. Let b = -1098 - z. Suppose 0 = 10*p + 518 - b. What is the hundreds digit of p?
1
Let t(s) = 11*s + 2*s + 7*s + 6*s**2 + 32 + 2*s**2. Let u(n) = 12*n**2 + 30*n + 48. Let m(b) = 8*t(b) - 5*u(b). What is the tens digit of m(-7)?
4
Suppose -32*b + 368297 = -340830 + 119271. What is the tens digit of b?
3
Let m = 79 - 211. Let t(a) = -a**3 + 61*a**2 - 68*a + 120. Let j be t(60). Let n = m - j. What is the units digit of n?
8
Let q(u) = -22*u + 46. Let d be q(2). Suppose -d*y = -611 + 149. What is the tens digit of y?
3
Suppose 2*r = -4*q + 14, -4*q + 2*r + 10 = -0*q. Let i be (q*4)/(12/8). Suppose -3*o - 705 = -i*o. What is the hundreds digit of o?
1
Suppose 2*v = 6*v - 5*d + 2888, 3*d = 3*v + 2169. Let l = -424 - v. What is the tens digit of l?
0
Suppose -4*f + z = -12, -5*f + 63 = -3*z + 48. Suppose 7*t - 4 = f*t, 2*t = -r + 14. What is the tens digit of r?
1
Let l be ((-27)/18)/((-12)/(-160)). Let k(u) = -18 - 30*u - 4*u + 9*u - u**2. What is the units digit of k(l)?
2
Suppose 5*c - 26 = -3*i, 2*i - 2 - 16 = -3*c. Suppose -4*q - i*q + 2896 = 0. What is the hundreds digit of q?
1
Let l(o) = -99*o**2 - 13*o + 19. Let g(b) = 49*b**2 + 6*b - 9. Let u(f) = 9*g(f) + 4*l(f). Let h be u(7). Suppose 85 = 11*q - h. What is the tens digit of q?
0
Suppose -5*a - s = -650, 0*s + 260 = 2*a - 2*s. Suppose 26*m + a = 31*m. What is the tens digit of (-2 + 3)/(2/m)?
1
Let u(a) = 158*a + 2. Let p be u(1). Suppose 0 = 4*j - 2*j - p. Suppose 68 = i - 0*x - 3*x, -i - 3*x + j = 0. What is the tens digit of i?
7
Let w = -4090 + 10107. What is the tens digit of w?
1
Suppose -5*k + 15 = -2*x, -5*x = -3*k + 7 + 2. Suppose -5*w + 18 = -2*l, -w + 2 + 0 = x. What is the tens digit of (51 - l) + 0 + 1?
5
Let s(j) = -j**3 + 13*j**2 + j + 31. Let v be s(13). Suppose 0 = -4*o - 4*b - v, 0*o + 6 = 2*o - 5*b. What is the units digit of (3254/o)/(-2) - (-272)/476?
3
Let n(y) = 30*y**2 + 12. Let i be n(-20). Suppose -4*q + 18*q - i = 0. What is the hundreds digit of q?
8
Let n be (17/(-34)*(1 - 1))/2. Suppose 3*c + 4*h - 4691 = n, -4*c - c + 7857 = -3*h. What is the units digit of c?
9
Suppose k - 2*a - 88 = -2, 320 = 4*k + 4*a. Let u = 162 + -121. Let d = k - u. What is the units digit of d?
1
Suppose -2*f + 458 = 4*s, 0 = -7*s + 2*s - 4*f + 574. Let h = s - 139. What is the hundreds digit of 247 - (5/h + 2/10)?
2
Let r(m) = 50*m**2 + 17*m + 62. What is the thousands digit of r(-7)?
2
Let i = -160 - -163. Suppose -i*g + 9*b - 5*b + 2676 = 0, -4*b - 3568 = -4*g. What is the tens digit of g?
9
Suppose 3*s - 1038 + 147 = 0. Let q = -13 + s. What is the tens digit of q?
8
Let c(p) = 14*p**2 - 6*p - 2. Let v be c(5). Suppose v = -8*i + 6*i - 2*j, -10 = 2*j. What is the tens digit of 8 - 3 - (i + -1)?
6
Let f(b) be the second derivative of b**5/20 - 19*b**4/12 - 7*b**3/3 + 21*b**2/2 + 19*b. What is the tens digit of f(20)?
4
Let d be (-88)/56 + (-4)/(-7). Let w be d*(-2 + 99 + 2). What is the tens digit of 0/1 - w - 6/2?
9
Let c(f) be the first derivative of f**3/3 - 2*f**2 + 41*f - 16. What is the hundreds digit of c(-11)?
2
Suppose -3*j + 0*u - 60 = -3*u, 2*j = -3*u - 65. What is the hundreds digit of 1072/(-24)*j - (-4)/(-6)?
1
Let a be (-3 - 0)/(6/(-2248)). Suppose 2*v = 4, -o + a = 2*v + 402. What is the hundreds digit of o?
7
Suppose -65 = 2*h - 231. Suppose -4*n + 3*r - 133 = 0, -4*r + 17 = 3*n - 4*n. Let z = h + n. What is the units digit of z?
6
Let v(k) be the third derivative of 401*k**4/24 + 79*k**3/6 - 165*k**2. What is the units digit of v(3)?
2
What is the hundreds digit of 24916 - -23 - (10 - 22)?
9
Suppose -88*s + 343*s - 7072453 = -118*s. What is the hundreds digit of s?
9
Let h be (5 - 4)*(-1 - -4). Suppose -h*c - 4*z = -2, -16 = -c - 3*c - 2*z. Suppose -c*q + 378 = -6. What is the units digit of q?
4
Let j(o) = -151*o + 1454. What is the hundreds digit of j(5)?
6
Let y(l) = 21*l - 43*l + 115 + 19*l. What is the tens digit of y(-8)?
3
Let t = 241 + -38. Suppose -2*w - t = -5*y, 5*w + 199 = 3*w + y. Let s = w + 235. What is the units digit of s?
6
Suppose 229*c = 23*c + 17286902. What is the thousands digit of c?
3
Let y(s) = -5*s + 31. Let v be y(8). What is the hundreds digit of ((1 + v)*1)/(4/(-334))?
6
Let h = 606 - 602. What is the hundreds digit of 1734/(17 + -16)*2/h?
8
Let h be (2 + 2)*(1 + 0). Suppose 2*r + h*n = -20, r - 3*n + 0*n - 5 = 0. What is the units digit of (48/(-9))/r*36?
8
Let v = 24 - 41. Let m = -111 - v. Let g = -43 - m. What is the units digit of g?
1
Let d(i) = 12*i**2 + 2 + 12*i - i**3 + 0*i**3 + 14. Let b be d(13). Let u = 30 - b. What is the tens digit of u?
2
Suppose 209*l - 24 = 205*l. Suppose -4*y + 21 = i, -l + 4 = -y. What is the tens digit of i?
1
Let u = 254 + -237. Suppose -3661 = u*q - 24*q. What is the hundreds digit of q?
5
Let u(m) = 10 - 3*m + 3*m**2 - 4*m**2 + 13*m. Let x be u(13). Let i = x + 107. What is the tens digit of i?
7
Let u = -2373 + 2487. What is the hundreds digit of u?
1
Suppose 3*t = 4*j + 1836 + 1176, -2*t + 2009 = -3*j. What is the units digit of t/3*(-10 - (-115)/10)?
0
Suppose 93*c = 88*c - 5. What is the tens digit of (-357)/(-1) + (7 - 12 - c)?
5
Let o(k) = -1414*k - 1653. What is the tens digit of o(-5)?
1
Let s be (-8)/(-6)*(-63)/(-6). Suppose 0 = 4*p - s - 6. Suppose -4*c + 156 = 2*n, 2*c + 7 = -p*n + 85. What is the tens digit of c?
3
Let i(n) = 44*n**2 - 282*n - 5252. What is the tens digit of i(-20)?
8
Suppose 3*y - 6 = 30. Let o be y/(-28)*-7 + 30/(-2). Let s(g) = -13*g - 2. What is the hundreds digit of s(o)?
1
Let n(i) = -i**3 - i**2 - 3. Let v(t) = -2*t**3 - t**2 - 7. Let p(s) = 5*n(s) - 2*v(s). What is the tens digit of p(-4)?
1
Let n = 254 - 17. Suppose 0 = -2*h + 633 + n. What is the hundreds digit of h?
4
Let l be -6 + 3 + (-386)/2. Let p = 333 + l. What is the units digit of p?
7
Let l = 136982 + -64219. What is the tens digit of l?
6
Let o(j) = 152*j - 500. What is the tens digit of o(56)?
1
Let h be (-8)/2*25/(-2). Let d = -47 + h. Suppose 3*t - 5*t = 3*s - 169, 0 = d*s + t - 167. What is the tens digit of s?
5
Let o = 962 + 635. What is the tens digit of o?
9
Let x(p) = 3*p - 17. Let r be x(5). Let z be 8/(-12) - r/((-18)/(-15)). What is the units digit of 5/(15/78)*5*z?
0
Let w = -581 - -10375. What is the units digit of w?
4
Suppose -4*m + 121996 = 4*k, 753*m + 5*k + 30451 = 754*m. What is the tens digit of m?
9
Let k(q) = q**3 + 13*q**2 - 13*q + 19. Let s be k(-14). Suppose s*x = -x + 342